e the remainder when o is divided by 24.
23
Suppose 3*m = 5*m - 8. Suppose -3*o = -j - 10, 0 = -9*j + 4*j - m*o + 45. Calculate the remainder when 7 is divided by j.
2
Let h(d) = 4*d + 9. Let f be h(-9). Let m = f + 55. Calculate the remainder when m is divided by 10.
8
Suppose r - 79 = -2*j - 4*r, 2*r = -j + 37. Calculate the remainder when j is divided by 10.
7
Suppose -3*l = -0*l - 24. Suppose 4*m - 9 = -7*x + 4*x, 2*m = -2*x + 4. What is the remainder when l is divided by m?
2
Let d be 10/4*(-16)/(-10). Suppose 0 = s - d*s + 9. Let o(a) = a**2 - 2. Calculate the remainder when 12 is divided by o(s).
5
Suppose 2 = 5*p - 13. Calculate the remainder when 7 is divided by p.
1
Let p = -24 - -39. Calculate the remainder when 10 is divided by (p/9)/((-10)/(-36)).
4
Let p(v) = 2*v**2 - 6*v - 7. Let b be p(5). Let u be -1 + -3*4/(-3). Let q = b + u. What is the remainder when 45 is divided by q?
13
Suppose 105 + 174 = 9*l. Calculate the remainder when l is divided by (-4)/(-6)*51/2.
14
Suppose 0*l - 4*y - 6 = 2*l, 0 = 4*l + y + 12. Let r(g) = -g**2 - 5*g + 7. Calculate the remainder when (2/3)/((-1)/l) is divided by r(-6).
0
Suppose 3*j - 18 - 81 = 0. Calculate the remainder when 131 is divided by j.
32
Suppose -3*n - 4*b + 71 = 0, -5*b + 58 = 5*n - 52. What is the remainder when n is divided by 5?
2
Let g be (-2)/(6/3) + 0. Let j = 2 + g. Calculate the remainder when 1 is divided by j.
0
Let y = -7 - -28. Calculate the remainder when 33 is divided by y/14*28/6.
5
Suppose -2*v + 6 = -0. Suppose 0 = h + 5*g - 66, -6 = v*g - 21. What is the remainder when h is divided by 14?
13
Suppose -6*p = -82 + 16. Suppose -3*a + 8 = -4. Suppose 0 = -h + a + 28. What is the remainder when h is divided by p?
10
Let k = -16 + 9. Let n(s) = -5*s - 1. Calculate the remainder when n(k) is divided by 18.
16
Suppose -4*u - u = -4*w + 45, 0 = -3*w - 4*u + 57. Calculate the remainder when -1*2 - 46/(-1) is divided by w.
14
Let h(p) = p - 12. Let g be h(9). Let m(a) = -10*a - 4. What is the remainder when 77 is divided by m(g)?
25
Let s(k) = -10*k**3 - 4*k**2 - 5*k - 3. What is the remainder when s(-2) is divided by 37?
34
Let m = -11 + 26. What is the remainder when m is divided by 4?
3
Let p = 38 + -25. What is the remainder when 36 is divided by p?
10
Suppose -3 = -3*m + 3*k, -2*m + 5*m + 3*k = 21. Let f(r) = 3*r**2 + 2. Let q(n) = 6*n + 5. What is the remainder when f(m) is divided by q(2)?
16
Let h = -8 + 19. Let x(u) = -u**2 - 3*u + 2. Let d be x(-4). Let n(c) = -2*c + 2. Calculate the remainder when h is divided by n(d).
5
Suppose -33 = -5*t + 12. Let l(j) = j - 9. Suppose 6*r = r + 65. Calculate the remainder when t is divided by l(r).
1
Suppose t + 12 = -28. What is the remainder when 10 is divided by (-18)/(-5) - 16/t?
2
Suppose 23 = 4*v - 29. What is the remainder when v is divided by 4?
1
Let g be (-2 - 6/(-9))*-3. Suppose 2*j + 38 = 6*p - 2*p, g*p + 5*j = 17. What is the remainder when p is divided by 5?
3
Suppose 0 = 2*n - 3*n + 3. Let v be ((-4)/n)/((-2)/6). Let s = v + -3. What is the remainder when 2 is divided by s?
0
Suppose l - 8 = -4*n + 7, 3*n - 50 = -2*l. Let r = 0 + 3. Suppose -13 = -r*y + 20. Calculate the remainder when l is divided by y.
9
Let t(r) = -r**2 + 4*r - 4. Let u be t(3). Calculate the remainder when 31 is divided by (8/10)/(u/(-10)).
7
Let t = 75 - 45. Calculate the remainder when 149 is divided by t.
29
Let y = -20 + 24. Calculate the remainder when 7 is divided by y.
3
Let m = -10 - -17. Let u be -2 + (2 - (0 - 0)). Suppose 2*v + 5*l - 24 = -0*v, -4*v + 2*l + 48 = u. What is the remainder when v is divided by m?
5
What is the remainder when 9 is divided by (10/3 - 1) + 260/156?
1
Suppose 23 = 3*b - 2*b + 3*v, 0 = -3*b + v + 79. Calculate the remainder when b is divided by 7.
5
Suppose 5*b + 139 = 449. Let g = 112 - b. Suppose 2*p = n + 15, p - 5*n = -4*p + g. Calculate the remainder when p is divided by 2.
1
Let m(d) = 18*d**3 - 2*d + 1. Calculate the remainder when 49 is divided by m(1).
15
Let h = 16 - 8. What is the remainder when -58*(-3 - (-10)/4) is divided by h?
5
Suppose 3*l + 10 - 46 = 0. What is the remainder when l is divided by 12?
0
Let i be (-2702)/(-3) - (-6)/(-9). Calculate the remainder when i/14 - 20/70 is divided by 22.
20
Let x = 154 + -129. What is the remainder when x is divided by 4?
1
Let r = -5 + 5. Suppose -3*g - 15 = -4*g. Suppose 0 = 2*s - 3*c + 5, 2*s - s - 4*c + g = r. What is the remainder when 12 is divided by s?
2
Let g = 34 + 6. Calculate the remainder when g is divided by 11.
7
Suppose o - 5*o = 2*j - 158, 2*o - 109 = 5*j. Let k = 28 - 17. What is the remainder when o is divided by k?
9
Let j(c) = c**3 + 3*c**2 - 4*c + 5. Let b(h) = 3*h**2 - 5*h - 2. Let o be b(-4). Calculate the remainder when o/5 - (-2)/(-10) is divided by j(-4).
3
Suppose 0 = 2*g + 2*g + 3*b - 51, -14 = -g - 2*b. Calculate the remainder when 46 is divided by g.
10
Suppose -3*d + 5*d = 0. Suppose d = -2*m + 5*m - 24. Suppose 4*p + m - 20 = 0. Calculate the remainder when p is divided by 2.
1
Suppose 0 = 5*o + 5*m - 105, 2*m + 32 = -3*o + 96. Calculate the remainder when 87 is divided by o.
21
Suppose 3*z - 6 = -0*z. Suppose -z*p + 20 - 4 = 0. Calculate the remainder when 22 is divided by p.
6
Let p(d) = d**2 + 7*d - 1. What is the remainder when 27 is divided by p(-8)?
6
Suppose 3*b - 71 = s, -3*b + 1 + 73 = 2*s. What is the remainder when 118 is divided by b?
22
Let n = 23 + 35. Calculate the remainder when n is divided by 30.
28
What is the remainder when 63 is divided by (-2 - (0 + 2 + -2))*-11?
19
Suppose 220 = -z + 5*z. Let m be 6/(-12) + 10/4. Suppose -5*f = -m*w - 70 - 21, 5*f + 3*w = 101. Calculate the remainder when z is divided by f.
17
Let a(p) = -2*p**3 - p**2 + p. Let y be (2/3)/(3/(-9)). Let h = 6 + -2. Calculate the remainder when a(y) is divided by h.
2
Suppose 0*j = 3*j, -4*j = -2*s + 6. Calculate the remainder when s is divided by 3.
0
What is the remainder when ((-114)/95)/((3/110)/(-1)) is divided by 15?
14
Let z(w) = 9*w**2 - 2. Calculate the remainder when z(2) is divided by 20.
14
Suppose 5*f + 4*d - 168 = 0, -3*f + 20 + 91 = -d. Calculate the remainder when 15 is divided by 4/10 + f/10.
3
Suppose 3*r - c = 42, 4*r + 2*c = 5*c + 61. Calculate the remainder when 48 is divided by r.
9
Let c be (-1)/(-4) - 51/12. Let p = 0 - c. Suppose -p*j + 48 = 4*w, -4*w = -j - 0 + 2. Calculate the remainder when j is divided by 6.
4
Let y(c) = -c**3 + 7*c**2 - 6*c + 3. Suppose 13*j - 12*j = 1. Calculate the remainder when y(6) is divided by j.
0
Let x = 8 - -31. Suppose 0 = -2*g - w + 9, -2*g + 2*w - 4*w = -8. Suppose 2*m = -4*t - 7 + x, -g*t = -3*m - 18. Calculate the remainder when t is divided by 4.
2
Suppose 2*t + 2 = 8. Let z(h) be the third derivative of h**5/30 - h**4/6 + 2*h**3/3 + 2*h**2. Calculate the remainder when 19 is divided by z(t).
9
Suppose 0 = -2*q + 17 + 3. Suppose -5*p + 150 = 5*b, 26 = -2*b + 3*b - 3*p. What is the remainder when b is divided by q?
9
Let m = 7 + -4. Suppose 21 - m = 3*h. Suppose 2*j - 52 = -5*c, h*j - j + 3*c = 92. Calculate the remainder when j is divided by 6.
4
Suppose 6*v + 29 = 527. What is the remainder when v is divided by 6?
5
Let v(m) be the third derivative of m**5/15 - m**4/8 - 5*m**3/6 + 3*m**2. What is the remainder when v(4) is divided by 12?
11
Let z(w) = -w**2 - 9*w + 1. Let q be z(-7). Suppose 0 = 3*m - 2*m - q. Calculate the remainder when 29 is divided by ((-6)/(-9))/(1/m).
9
Let m be 1 + -1 + -2 - -20. Let r = m - 27. Calculate the remainder when (0 + 3/r)*-57 is divided by 7.
5
Suppose d - 3*r = 0, d - 4*r - 3 = -5. Suppose b = 3*b - d. What is the remainder when 6 is divided by b?
0
Calculate the remainder when (37 - 1 - 0)/2 is divided by 11.
7
Let t(w) = -7*w + 6. What is the remainder when t(-2) is divided by 2 - (5*-1)/1?
6
Calculate the remainder when 91 is divided by (11/(-9) - (-2)/9)*-23.
22
What is the remainder when 42 is divided by 2/((-32)/(-5) + -6)?
2
Let c = 9 - -1. Suppose -3*u - w + 1 = 2*u, -3*u - 3 = -3*w. Suppose 5*l + 4*m - 156 = u, m = -l - 11 + 43. Calculate the remainder when l is divided by c.
8
Let s = 4 - 0. Suppose 0 = -7*v + s*v + 78. Let d = 5 - -4. What is the remainder when v is divided by d?
8
Suppose 2*h - 2 = -22. Let r(i) b